 3*g**2 + 2*g + 2. Let v = 4 - 7. Let a be 12/(-18)*v*1. Suppose 0 = -s + a*p + 10, -s + 24 = 2*s - 4*p. Determine l(s).
-6
Let i(s) = 27*s - 10. Let m(v) = -12 - 9 - 9*v + 24. Let p(c) = -2*i(c) - 7*m(c). Calculate p(-1).
-10
Let h(q) = q + 7. Let p be h(-8). Suppose -l + k - 5 = -5*l, 0 = -3*l + 5*k - 25. Let g(s) = 1 - 2*s + l - 2. Give g(p).
1
Let p(c) = 3 + c - c**2 - 2 - 3*c. Let h(x) = -x**2 + x - 3. Let n be h(0). What is p(n)?
-2
Let s be -1*(4 + 3/(-3)). Let n be s - (1 - (1 + -1)). Let t(j) = -7*j - 3. Let x(h) = h. Let r(o) = t(o) + 6*x(o). What is r(n)?
1
Let r be 8/20*5 + 1. Let b(a) be the first derivative of 5*a**2/2 - 4*a + 1. Calculate b(r).
11
Let b = -4 - -6. Let i(f) = -b + 2 + f**2 - 3*f + f**3 + 2. Determine i(-3).
-7
Let o(h) be the first derivative of -h**2/2 + h - 1. Calculate o(-4).
5
Suppose 8 = m + 2*v + 6, -2*m + 4*v + 4 = 0. Let w(s) be the second derivative of 1/12*s**4 + s**3 - 3*s**m + 0 + 3*s. Determine w(-5).
-11
Let b(q) = -q**3 + 8*q**2 - 5*q + 5. Let k(t) = -t**2 + t - 1. Let y(r) = b(r) + 3*k(r). Let i = -198 + 202. Give y(i).
10
Let i(d) = d**3 + 4*d**2 - 3*d - 6. Let n(r) = -r**2 + 11*r - 22. Let q be n(9). Give i(q).
6
Let h(i) = 4*i**3 + 2*i**2 - 1. Let f be h(1). Suppose 0 = -3*z - 2*z + f. Let j(v) = 4*v**2 - v + 1. What is j(z)?
4
Let h(u) = -11*u - 11*u + 23*u - u**2 - 3*u. Determine h(-3).
-3
Let v(y) = -y**2 + y - 1. Suppose -3*k = -2*k - 3. Suppose k*c + 0*j - 3*j + 6 = 0, 5*c = 2*j - 1. Determine v(c).
-1
Let o(h) = -6 + 112*h - h**3 - 114*h - 2 - 7*h**2. Determine o(-7).
6
Suppose 62*f = 58*f + 28. Let p(i) = -i + 2. Determine p(f).
-5
Suppose 4 = 2*f - 0*f. Let p(s) = 0 + 1 - 6*s**2 - f + 11*s**2. Determine p(1).
4
Let j(a) = a**2. Let s be j(1). Let w(p) = 15*p**3 - p**2 - p + 1. Calculate w(s).
14
Let t(z) be the second derivative of z**5/20 + 5*z**4/12 - 4*z**3/3 + 2*z**2 + 7*z. Calculate t(-6).
16
Let p(c) = -4*c + 2. Let n(w) = w - 1. Let z(d) = n(d) - p(d). What is z(2)?
7
Let v(y) = 0*y**3 - 4*y + y**3 - 6*y**2 - 2*y**3. Suppose -4*h = -4*u + 40, -3*h - 2*h - 20 = 0. Let g(r) = -r**3 + 7*r**2 - 6*r - 5. Let d be g(u). Give v(d).
-5
Let d(h) be the third derivative of h**6/120 - h**5/60 - h**4/6 - 4*h**2. Determine d(3).
6
Let z = 16 + -5. Let w(y) = -5*y**2 - 1 + 0 + 6*y**3 - 5*y + 4*y**3 - z*y**3. Let r = -4 + 0. Determine w(r).
3
Let j(n) be the second derivative of n**4/12 - 7*n**3/6 + 3*n**2/2 + n. Suppose -3*z = 2*t + 3*t - 31, 0 = -3*t + 3*z + 9. What is j(t)?
-7
Let f = -7 - -7. Let q(s) be the third derivative of -1/24*s**4 + 0*s - 7/6*s**3 + s**2 + f. Determine q(-4).
-3
Let o(q) = 2*q + q**2 + 1 + q**2 - 2. Let p be o(-2). Let f(x) = -p*x + 4*x + 6*x**2 - 4*x**2 - 3 + 2. Give f(1).
2
Let h(p) = 22*p - 12. Let m(l) = 7*l - 4. Let n(j) = -5*h(j) + 16*m(j). Let u be -1*(5 - 6 - -5). What is n(u)?
-12
Let l(c) = -c**2 + 9. Let f = -3 - -6. Let q = 3 - f. Calculate l(q).
9
Let y(c) = -2 + c + 3 + 2. Let h(m) = -m - 1. Let o be h(-1). Determine y(o).
3
Let i(q) = -q**3 - 18*q**2 - 18*q - 11. Let o be i(-17). Suppose 5*r + 2 = -3. Let c = r + o. Let v(g) = -g**2 + 4*g + 2. Determine v(c).
-3
Let s(v) = 2*v + v - 2*v**2 - 1 + 0*v. Let b(t) = -t**2 + 3*t - 1. Let z(r) = 3*b(r) - 2*s(r). What is z(-4)?
3
Let t(v) be the second derivative of v**3/6 - v**2 + 26*v. Calculate t(5).
3
Let b(h) = 9*h + 1. Let y(z) = -19*z - 2. Let w(t) = 7*b(t) + 3*y(t). Calculate w(1).
7
Let d(v) = -v**2 + 6*v - 3. Let a(l) = -8*l - 19. Let t be a(-3). Calculate d(t).
2
Let q(g) = 8*g**2 - g + 1. Let k(v) = v + 7. Let t be k(-6). Determine q(t).
8
Let d(o) = o + 9. Let w be d(-7). Let k(g) = 7*g + 6 - g + g**w + g. Give k(-6).
0
Let q(m) be the second derivative of -m + 1/2*m**3 - 3/2*m**2 - 1/30*m**5 - 1/8*m**4 + 0. Let p(w) be the first derivative of q(w). Determine p(-3).
-6
Let q(t) = -1. Let v(r) = -3*r - 2. Suppose 0 = -l - 0*l - 1. Let h(k) = l*v(k) + 5*q(k). Give h(2).
3
Let h be (-56)/12 + 2/3. Let c(b) = b**2 + 2*b + 1. Determine c(h).
9
Let s(x) = -5*x**3 - 11*x**2 - 4*x - 3. Let i(r) = 4*r**3 + 10*r**2 + 3*r + 2. Let a(d) = -6*i(d) - 5*s(d). Let v be (8/10)/(2/10). What is a(v)?
-5
Let g(f) = -f**2 + f. Let q be 6/(-63) - 344/(-84). Calculate g(q).
-12
Let b(a) = -a**2 - 3*a + 3. Let t(h) = 8*h**2 - 4*h - 17. Let d(k) = 3*k**2 - k - 6. Let m(x) = 11*d(x) - 4*t(x). Let p be m(-3). Give b(p).
-1
Let w be (3/(-2))/(18/(-12)). Let u(l) = -l**2 - 5*l - 1 + w + 2. Calculate u(-4).
6
Suppose g + 0*g - 2 = 0. Let z(r) = 2*r**2 - r**3 - 11*r**2 - 3*r + 4*r**g. Determine z(-3).
-9
Let g(c) = c**3 - 2*c**2 - 2. Let w be g(2). Let q = w - -4. Let n(y) = y**3 - y**2 - 2*y - 1. What is n(q)?
-1
Let s(k) = -9*k + 5 - 1 + 6. Let f(o) = -8*o + 9. Let r(t) = 7*f(t) - 6*s(t). What is r(-3)?
9
Let z(b) = b**2 + 2*b - 1. Let i = 10 - 14. Calculate z(i).
7
Suppose -3*y + l = 1 + 1, 3*y + 12 = 3*l. Let c(n) = 30*n**3 - 15*n**3 - 16*n**3 + y - 4*n + 5*n**2. Let f = -5 + 8. Determine c(f).
7
Let g(h) = 3*h + 7. Let z(i) = -2*i - 7. Let y(l) = -3*g(l) - 4*z(l). Suppose -1 + 21 = 4*s. What is y(s)?
2
Let d be (6/(-4))/((-6)/8). Let q(l) = -7*l**3 - 9*l**2 + 3*l - 8. Let j(b) = 8*b**3 + 11*b**2 - 3*b + 9. Let r(h) = -5*j(h) - 6*q(h). Determine r(d).
9
Let k(a) = -a + 1. Let n(i) = -19*i + 7. Suppose 0*x = 5*x + 30. Let d(j) = x*k(j) + n(j). Suppose -4*p = 5*q - 25, 2*p = -5*q + p + 10. Determine d(q).
-12
Let c(q) = q**3 + 2*q - 3*q + q**2 - 5*q**2 + 3. Let l be (16/(-6))/(14/(-21)). Give c(l).
-1
Let v(x) = -x**3 - 5*x**2 + 2*x + 14. Let k be v(-5). Let o(r) = -r**3 + 4*r**2 - 5*r + 1. Calculate o(k).
-19
Let g(m) = -m**2 - m. Let t be (-4 + 4 + 1)/((-2)/6). Give g(t).
-6
Let l(v) be the second derivative of 5*v - 1/6*v**3 + 0*v**2 + 0. Let x be 2/(-9) - (-47)/9. What is l(x)?
-5
Let t(s) be the third derivative of s**5/60 - s**4/6 - s**3/6 + 18*s**2 - 2*s. Calculate t(4).
-1
Let d be (-8 - -8)/(1 - 2) - -2. Let s(r) = -8*r**3 - r**2 - 6*r - 7. Let y(v) = -7*v**3 - v**2 - 5*v - 6. Let l(p) = -6*s(p) + 7*y(p). Calculate l(d).
-10
Let k(u) = -1. Let t(c) = 2 - 2 - c + 5. Let h(l) = -2*k(l) + t(l). Let p = -1 - -4. What is h(p)?
4
Suppose 5*o + 20 = 5*a - 0*o, 2*a = 3*o + 12. Let i(w) = 2 - w - 4 + a. Calculate i(3).
-5
Suppose -4*o - 12 = h - 5*h, 10 = 5*h. Let i(v) = v**3 + 3 - 3. Give i(o).
-1
Let m(j) be the second derivative of 1/12*j**4 - j + j**2 + 0*j**3 + 0. Suppose 6*a + 20 = -4*a. What is m(a)?
6
Let p be 2/(-1 - 1)*-5. Suppose p*s - 9 + 21 = -4*k, 0 = 4*s + 5*k + 15. Suppose -3*q + 15 = -s*q + 2*c, 5*q - 3*c = 25. Let g(l) = 2*l - 3. Calculate g(q).
7
Let m(f) = -f**3 - 3*f**2 + 3*f - 10. Let d(v) = -2*v**3 - 7*v**2 + 7*v - 21. Let o(h) = 2*d(h) - 5*m(h). Determine o(0).
8
Suppose -2*l + 7*l = -5. Let n = l + 2. Let r(x) = x + x**2 - x - 5*x**2 + n. What is r(1)?
-3
Let m be (-3)/2*(-10)/3. Let a(t) be the first derivative of -t**2/2 - 3*t + 68. What is a(m)?
-8
Let k(j) = -4*j**2 - j + 7. Let d(l) = l**2 - l - 1. Let h(v) = -3*d(v) - k(v). Suppose -5*x = 3*s + 22, 5*x = -s + 3*s - 27. Calculate h(x).
1
Let i(h) = -2*h**3. Let f(n) = -n**3 - 2*n**2 - 3*n. Suppose 2*z - 1 = 2*g + z, 2*g + 16 = -4*z. Let u be f(g). Suppose -u*j + 4 = -2*j. Calculate i(j).
-2
Let t(f) = 4*f - 5*f + 0*f - 2. Let h be (3 + (4 - -12))/1. Let o = -15 + h. What is t(o)?
-6
Suppose -5*x + 2*l - 5 = -l, -x - 4*l + 22 = 0. Let j(p) = -1 - 78*p + 15*p**x + 78*p. Determine j(-1).
14
Let h(t) = t**2 + 5*t. Suppose -3*l - 9 = -21. Suppose 2*c = -r - l, -3*c + 3*r - 7 = 17. Let z be h(c). Let j(b) = -b**3 - 3*b**2 + 3*b - 5. What is j(z)?
-1
Let b(a) = a**3 - 2*a + 1. Let m be 1*(2 + -2 - -1). Let f be b(m). Suppose 4*y + 23 - 7 = f. Let n(i) = i**2 + 7*i + 5. Calculate n(y).
-7
Let p(h) = -h**3 + 6*h**2 - 6*h + 3. Let q(x) = x**3 + 6*x**2 - 6*x + 4. Let d be q(-7). Let t be 1*d*(-36)/27. Calculate p(t).
11
Suppose v = -4*j + 29, -2*v - 4 = -j + v. Let b(u) = -u + 13. Give b(j).
6
Let m(o) = o - 2. Suppose l - 5*x - 6 = 0, 0 = -0*l + 2*l - 3*x - 12. Give m(l).
4
Let f(u) = -u**2 - 2*u - 5. Let n(r) = -3*r**2 - 1. Let p = -9 + 8. Let a be n(p). Give f(a).
-13
Let x(i) be the second derivative of i**3/2 - 3*i**2 - 2*i. Determine x(4).
6
Let i(l) = -l + 1. Let g be 3*3 + (-9)/3. Suppose 0 = -4*x + x - g. Let w be x/(-13) + 10/(-65). Determin